001101 - -1110110?
101001
In base 8, what is -10511 + 34?
-10455
In base 11, what is -1 - 762?
-763
In base 12, what is 28043 - -25?
28068
In base 5, what is 234400020 + 0?
234400020
In base 9, what is -10 - 211324?
-211334
In base 5, what is 1220 - 111344?
-110124
In base 15, what is -12d9 - -a?
-12ce
In base 4, what is 11001221 - 3?
11001212
In base 5, what is -2311030 - 11?
-2311041
In base 5, what is -12013124 - -12?
-12013112
In base 4, what is -1 + 1100330231?
1100330230
In base 15, what is 13442a - 1?
134429
In base 8, what is 330141 + -3?
330136
In base 4, what is -3300113 - 13?
-3300132
In base 9, what is -4 + -2083463?
-2083467
In base 2, what is -1101010010 - 101?
-1101010111
In base 12, what is 4481b + -2?
44819
In base 4, what is -23221 - -232?
-22323
In base 9, what is 0 + -362780?
-362780
In base 11, what is 4 + 33674?
33678
In base 5, what is 2243310 - 24?
2243231
In base 8, what is -23315 - -2?
-23313
In base 2, what is -10101100001011 - -1001?
-10101100000010
In base 16, what is 8 - -28c9?
28d1
In base 10, what is -127 - 795?
-922
In base 2, what is -111111 - -10110000011?
10101000100
In base 4, what is -2 - -2123320?
2123312
In base 6, what is -455112 + -10?
-455122
In base 10, what is -5 + 72026?
72021
In base 16, what is 4e + -d13?
-cc5
In base 8, what is 27224 - 64?
27140
In base 6, what is -5 - -1102554?
1102545
In base 13, what is -1 + -108a?
-108b
In base 9, what is -464 - 50?
-524
In base 11, what is -2277 + -3?
-227a
In base 14, what is -246 - -130?
-116
In base 3, what is 1002101 + -1102?
1000222
In base 5, what is 0 + 43441?
43441
In base 7, what is -5 - 2225412?
-2225420
In base 10, what is -312 - -2833?
2521
In base 3, what is -11 - 10102100?
-10102111
In base 7, what is -5263 + -44?
-5340
In base 11, what is 2 - -5926?
5928
In base 11, what is -74 - -16387?
16313
In base 13, what is -2706a + 0?
-2706a
In base 16, what is -21904 + -2?
-21906
In base 8, what is 260 + -6023?
-5543
In base 12, what is -1b9 - 6?
-203
In base 16, what is 13 + 5bc1?
5bd4
In base 3, what is -11002111 - 10?
-11002121
In base 7, what is -10665 - 4?
-11002
In base 4, what is 1201330 + 32?
1202022
In base 5, what is 14 + 3031?
3100
In base 13, what is 2 + -697a1?
-6979c
In base 9, what is -2747610 - -3?
-2747606
In base 4, what is 32 + -100123?
-100031
In base 7, what is -14446 + -5?
-14454
In base 6, what is -122 + 1421?
1255
In base 13, what is -6ab93 + 3?
-6ab90
In base 5, what is -3 - -2442031?
2442023
In base 12, what is -96344 + 2?
-96342
In base 2, what is 100 + -1000000000100011?
-1000000000011111
In base 15, what is -6 + 8127a?
81274
In base 6, what is 4 - -35241?
35245
In base 13, what is 5c5b6b - 0?
5c5b6b
In base 12, what is 419 - aa?
32b
In base 10, what is -8040 - 6?
-8046
In base 7, what is 122 - -26325?
26450
In base 12, what is 4 - 86715?
-86711
In base 7, what is -33552 + 2?
-33550
In base 10, what is 8 - -8551?
8559
In base 8, what is 4602157 - -3?
4602162
In base 12, what is 4 - 9b17?
-9b13
In base 13, what is 0 + -2c64?
-2c64
In base 9, what is -113000 + 5?
-112884
In base 10, what is -41 + 9092?
9051
In base 2, what is 11 + -101001011100100110?
-101001011100100011
In base 11, what is 64286 - -20?
642a6
In base 13, what is -13a - -b07c?
ac42
In base 7, what is 5 - -4162606?
4162614
In base 16, what is -2453 + 6?
-244d
In base 2, what is 10110 - -1000100101110?
1000101000100
In base 15, what is 0 - 964e?
-964e
In base 15, what is -6 + -6131?
-6137
In base 9, what is 7731 - -38?
7770
In base 9, what is 528754 + 5?
528760
In base 6, what is -1211 - 23?
-1234
In base 9, what is -5 - -1466544?
1466538
In base 6, what is 24552 - -54?
25050
In base 11, what is -2 + 595405?
595403
In base 5, what is -20403010 + 4?
-20403001
In base 5, what is 2421032323 - 2?
2421032321
In base 13, what is 2 - 82524?
-82522
In base 10, what is -5 + 55308?
55303
In base 4, what is 300 + -2231220?
-2230320
In base 9, what is -187 + 1286?
1088
In base 2, what is -1010 + 1111110?
1110100
In base 15, what is -72677 + -2?
-72679
In base 16, what is 462 - 11?
451
In base 12, what is 4 - 170b30?
-170b28
In base 10, what is 13449 + 5?
13454
In base 14, what is -26d0a + 19?
-26cd1
In base 9, what is 2 - 1144?
-1142
In base 12, what is 4 + 3145?
3149
In base 14, what is -3911 - -36c?
-3583
In base 15, what is 9bd1 + 12?
9be3
In base 15, what is 100 + 18?
118
In base 5, what is 0 + 4301323?
4301323
In base 14, what is b6c5b - 3?
b6c58
In base 6, what is -3 - 1500445?
-1500452
In base 13, what is 210b + -192?
1c49
In base 11, what is 121a - a?
1210
In base 11, what is 50291 - 11?
50280
In base 5, what is -4233 + 102?
-4131
In base 10, what is 9 - 3098?
-3089
In base 2, what is -110100001 + 1001001?
-101011000
In base 9, what is 0 + 74084?
74084
In base 8, what is -3 + -32275?
-32300
In base 13, what is -ac98 - -17?
-ac81
In base 11, what is 7a1 + -11a?
682
In base 2, what is 11 - -101000001101010001?
101000001101010100
In base 6, what is 4 - 14512503?
-14512455
In base 11, what is 4 - 27717?
-27713
In base 9, what is -1 - 8865?
-8866
In base 6, what is 141 + 1300?
1441
In base 12, what is -1 + -1322b?
-13230
In base 8, what is 13747 - 416?
13331
In base 7, what is -141534 - 11?
-141545
In base 11, what is 1 + -42a6?
-42a5
In base 12, what is -1 + 128977?
128976
In base 6, what is -115 + 351?
232
In base 10, what is 4376 - 63?
4313
In base 12, what is 5363 + -15?
534a
In base 15, what is -530 - -62c?
ec
In base 13, what is 23b5b4 - 5?
23b5ac
In base 6, what is -3 + 4203145?
4203142
In base 16, what is -e - 608?
-616
In base 2, what is 1100111110111 + 1010100?
1101001001011
In base 3, what is -11 - -22220110?
22220022
In base 3, what is -1000 + -110?
-1110
In base 9, what is 372 + -15?
356
In base 7, what is -5 + 23640?
23632
In base 15, what is -1 + 1c3d8?
1c3d7
In base 4, what is 30010211 + 122?
30010333
In base 3, what is 211211011 + 20222?
212002010
In base 12, what is 1149 - -159?
12a6
In base 2, what is -101 + 1010100001100011101?
1010100001100011000
In base 11, what is 520 + 547?
a67
In base 16, what is 5e - 5fb?
-59d
In base 11, what is -4 - 159482?
-159486
In base 6, what is 2 - -54502?
54504
In base 11, what is 2 - 4711?
-470a
In base 10, what is 653103 - -4?
653107
In base 11, what is 96a5 + 0?
96a5
In base 2, what is 1100111 + -10101111001?
-10100010010
In base 9, what is 23 + -805?
-772
In base 5, what is 20 - -4143?
4213
In base 11, what is 87484 - -3?
87487
In base 16, what is -6 - -482c?
4826
In base 11, what is 32 + 301?
333
In base 6, what is 3 + 2214424?
2214431
In base 5, what is -314 - -12?
-302
In base 14, what is 8 - dd4?
-dca
In base 7, what is -412 - 10223?
-10635
In base 13, what is 6922 + 38?
695a
In base 16, what is -7c + a9b?
a1f
In base 3, what is -12120110 - 1202?
-12122012
In base 8, what is -5 + 2566546?
2566541
In base 16, what is 392 - 90?
302
In base 2, what is -10110101010100001 - 100?
-10110101010100101
In base 15, what is 16ea7c + -1?
16ea7b
In base 4, what is 133 - -3131003?
3131202
In base 5, what is 23 + -10322321?
-10322243
In base 7, what is -110 + -26656?
-30066
In base 10, what is -2080 + 2?
-2078
In base 9, what is -3 + -106855?
-106858
In base 2, what is -10 + 1010011110100?
1010011110010
In base 7, what is -4405234 - -3?
-4405231
In base 4, what is -1201300 + -203?
-1202103
In base 8, what is -3 - 237071?
-237074
In base 13, what is b - -420a?
4218
In base 2, what is 10101011001110 - 0?
10101011001110
In base 3, what is -122011010211 - 2?
-122011010220
In base 12, what is -223 - 172?
-395
In base 14, what is -58 + 25?
-33
In base 9, what is 2 + 775832?
775834
In base 11, what is 196695 - 7?
196689
In base 4, what is 10 + 11300222?
11300232
In base 3, what is -1001120101 + 12?
-1001120012
In base 5, what is 14410 + -12?
14343
In base 10, what is 3 + -7544?
-7541
In base 13, what is -5 - 1431?
-1436
In base 10, what is -3 + -1595868?
-1595871
In base 10, what is 8727 + 374?
9101
In base 3, what is 11 - -102110022?
102110110
In base 8, what is 15 - 2734?
-2717
In base 9, what is 510 - 2701?
-2181
In base 15, what is 4 - -3adc?
3ae1
In base 15, what is -6 - 36b1?
-36b7
In base 10, what is -816 - -39?
-777
In base 9, what is 2678 + 281?
3070
In base 14, what is -1d6 - 68?
-260
In base 16, what is 1 - -4780?
4781